n 10651 is divided by 12?
7
What is the remainder when 489024 is divided by 231?
228
What is the remainder when 2581 is divided by 58?
29
What is the remainder when 95961 is divided by 111?
57
What is the remainder when 14835 is divided by 555?
405
What is the remainder when 5016 is divided by 286?
154
What is the remainder when 31554 is divided by 6292?
94
What is the remainder when 53679 is divided by 1118?
15
What is the remainder when 670 is divided by 276?
118
What is the remainder when 3962 is divided by 355?
57
Calculate the remainder when 761 is divided by 709.
52
Calculate the remainder when 267519 is divided by 852.
843
What is the remainder when 57569 is divided by 3?
2
Calculate the remainder when 60503 is divided by 6049.
13
What is the remainder when 334082 is divided by 577?
576
Calculate the remainder when 25569 is divided by 129.
27
Calculate the remainder when 153296 is divided by 20.
16
What is the remainder when 16022 is divided by 4001?
18
Calculate the remainder when 20993 is divided by 300.
293
Calculate the remainder when 48580 is divided by 75.
55
Calculate the remainder when 27714 is divided by 696.
570
What is the remainder when 6019 is divided by 1501?
15
What is the remainder when 7896 is divided by 53?
52
Calculate the remainder when 74724 is divided by 74721.
3
Calculate the remainder when 9228 is divided by 147.
114
What is the remainder when 1064 is divided by 532?
0
What is the remainder when 172824 is divided by 519?
516
Calculate the remainder when 1334 is divided by 305.
114
Calculate the remainder when 933001 is divided by 116625.
1
What is the remainder when 24337 is divided by 8108?
13
What is the remainder when 27290 is divided by 5452?
30
Calculate the remainder when 1275 is divided by 633.
9
What is the remainder when 9714 is divided by 96?
18
What is the remainder when 2536513 is divided by 17?
11
Calculate the remainder when 107728 is divided by 67.
59
What is the remainder when 8561 is divided by 102?
95
What is the remainder when 1098 is divided by 182?
6
Calculate the remainder when 583250 is divided by 187.
184
Calculate the remainder when 4264 is divided by 305.
299
Calculate the remainder when 14689 is divided by 1128.
25
What is the remainder when 17478 is divided by 4312?
230
What is the remainder when 32977 is divided by 702?
685
What is the remainder when 1801 is divided by 45?
1
What is the remainder when 1800 is divided by 2?
0
Calculate the remainder when 69661 is divided by 17415.
1
What is the remainder when 1496 is divided by 1474?
22
Calculate the remainder when 1093 is divided by 142.
99
What is the remainder when 3256 is divided by 1139?
978
What is the remainder when 8918 is divided by 405?
8
Calculate the remainder when 7132 is divided by 887.
36
What is the remainder when 3637 is divided by 538?
409
Calculate the remainder when 7374 is divided by 389.
372
Calculate the remainder when 294808 is divided by 333.
103
Calculate the remainder when 1663 is divided by 86.
29
What is the remainder when 183779 is divided by 132?
35
Calculate the remainder when 6629 is divided by 325.
129
Calculate the remainder when 4230 is divided by 192.
6
Calculate the remainder when 2179 is divided by 1950.
229
What is the remainder when 46057 is divided by 9211?
2
What is the remainder when 203109 is divided by 806?
803
What is the remainder when 36494 is divided by 1193?
704
What is the remainder when 12353 is divided by 288?
257
What is the remainder when 11389 is divided by 137?
18
Calculate the remainder when 132053 is divided by 39.
38
What is the remainder when 15477 is divided by 3095?
2
Calculate the remainder when 5194 is divided by 151.
60
What is the remainder when 13585 is divided by 63?
40
Calculate the remainder when 5115 is divided by 657.
516
What is the remainder when 104023 is divided by 15?
13
What is the remainder when 994 is divided by 216?
130
What is the remainder when 260 is divided by 233?
27
Calculate the remainder when 1364879 is divided by 1191.
1184
Calculate the remainder when 195011 is divided by 195006.
5
What is the remainder when 11745 is divided by 212?
85
Calculate the remainder when 3052 is divided by 1633.
1419
Calculate the remainder when 5935 is divided by 5925.
10
What is the remainder when 51153 is divided by 25500?
153
What is the remainder when 95914 is divided by 23971?
30
Calculate the remainder when 293032 is divided by 40.
32
What is the remainder when 8614 is divided by 210?
4
What is the remainder when 66513 is divided by 122?
23
What is the remainder when 572399 is divided by 240?
239
Calculate the remainder when 68519 is divided by 72.
47
Calculate the remainder when 1021044 is divided by 211.
15
What is the remainder when 6827 is divided by 1932?
1031
What is the remainder when 235519 is divided by 78504?
7
What is the remainder when 225890 is divided by 73?
28
Calculate the remainder when 309767 is divided by 99.
95
What is the remainder when 219345 is divided by 51?
45
Calculate the remainder when 234118 is divided by 46822.
8
Calculate the remainder when 795796 is divided by 1342.
1332
Calculate the remainder when 13864 is divided by 4450.
514
What is the remainder when 5344 is divided by 1749?
97
What is the remainder when 369016 is divided by 117?
115
What is the remainder when 25832 is divided by 413?
226
Calculate the remainder when 768511 is divided by 70.
51
Calculate the remainder when 9326 is divided by 1862.
16
What is the remainder when 26672 is divided by 205?
22
Calculate the remainder when 61021 is divided by 27.
1
Calculate the remainder when 17934 is divided by 209.
169
Calculate the remainder when 2779 is divided by 1388.
3
What is the remainder when 8217 is divided by 392?
377
Calculate the remainder when 4382 is divided by 669.
368
What is the remainder when 42488 is divided by 35?
33
What is the remainder when 2551 is divided by 180?
31
What is the remainder when 4862 is divided by 1616?
14
Calculate the remainder when 2344 is divided by 379.
70
Calculate the remainder when 8975 is divided by 90.
65
What is the remainder when 11395 is divided by 391?
56
What is the remainder when 11300 is divided by 143?
3
What is the remainder when 14837 is divided by 154?
53
Calculate the remainder when 4974846 is divided by 341.
338
Calculate the remainder when 1599 is divided by 49.
31
What is the remainder when 70939 is divided by 14?
1
What is the remainder when 277534 is divided by 20?
14
What is the remainder when 21887 is divided by 22?
19
Calculate the remainder when 212 is divided by 50.
12
Calculate the remainder when 2142 is divided by 82.
10
Calculate the remainder when 4716 is divided by 1138.
164
Calculate the remainder when 4368 is divided by 4333.
35
Calculate the remainder when 3670424 is divided by 825.
824
What is the remainder when 7901 is divided by 652?
77
Calculate the remainder when 5306 is divided by 96.
26
What is the remainder when 851 is divided by 798?
53
What is the remainder when 35132 is divided by 24?
20
Calculate the remainder when 12847 is divided by 1830.
37
What is the remainder when 2231 is divided by 64?
55
What is the remainder when 1809599 is divided by 174?
173
What is the remainder when 137156 is divided by 127?
123
Calculate the remainder when 712117 is divided by 274.
265
What is the remainder when 63224 is divided by 10535?
14
What is the remainder when 1952 is divided by 333?
287
What is the remainder when 5932 is divided by 10?
2
What is the remainder when 3159 is divided by 79?
78
Calculate the remainder when 25903 is divided by 102.
97
Calculate the remainder when 106196 is divided by 17699.
2
Calculate the remainder when 62849 is divided by 20943.
20
Calculate the remainder when 525 is divided by 441.
84
Calculate the remainder when 803586 is divided by 170.
166
Calculate the remainder when 660204 is divided by 73355.
9
Calculate the remainder when 7037 is divided by 282.
269
What is the remainder when 619949 is divided by 206645?
14
Calculate the remainder when 38048 is divided by 135.
113
What is the remainder when 167111 is divided by 55700?
11
What is the remainder when 65230 is divided by 188?
182
Calculate the remainder when 20594 is divided by 6787.
233
What is the remainder whe